**3 - 4*l**2 + 7*l - 1. Let n be i(3). What is the highest common factor of 22 and n?
11
Suppose 4*n + 18 = n. Let l(p) = -p**2 - 7*p + 4. Let h be l(n). Suppose -3*g + 6*g = 210. Calculate the highest common factor of h and g.
10
Let m = 113 + -43. Let y = m - -10. Suppose 12 + 18 = 3*k. What is the highest common divisor of k and y?
10
Let m(h) = -h**3 + 6*h**2 - 3*h - 8. Let b be m(4). Calculate the greatest common factor of 24 and b.
12
Let d = 3 - -1. Let u(a) = -31*a + 5. Let l be u(-1). Calculate the greatest common divisor of d and l.
4
Let n(x) = x - 2. Suppose 5*a = 29 - 4. Let o be n(a). Calculate the greatest common factor of o and 2.
1
Let n be (0 - 21)*(-34)/119. Calculate the highest common divisor of n and 30.
6
Let k = 9 + -12. Let n be k - (-8 - -1 - -1). What is the highest common divisor of n and 21?
3
Let v(d) = -3*d - 8. Let w be v(-8). Let n be (-6)/3 - (-129 + -1). Calculate the highest common factor of n and w.
16
Let o be 5/(((-6)/(-230))/3). Suppose -5*i = -1400 + o. Let y = 30 + -15. What is the highest common factor of i and y?
15
Suppose -3*p + 21 = 3*i, -4*p - 26 = -i - 9. Calculate the greatest common divisor of 3 and i.
3
Let w(b) = 18*b**2 - b + 1. Let n be w(1). Suppose -4*q + n = -18. Suppose -422 = -5*y - 107. Calculate the greatest common divisor of q and y.
9
Suppose 4*l - 17 = 3*l. Calculate the greatest common divisor of l and 272.
17
Let z be 778/13 + (-9)/(234/(-4)). Calculate the greatest common factor of z and 15.
15
Let x(i) = -3*i**3 + 9*i - 6. Let a(t) = t**3 - 3*t + 2. Let c(f) = -8*a(f) - 3*x(f). Let u be c(3). What is the greatest common divisor of 10 and u?
10
Let c = -6 - -9. Let u be 2 - 3/(c - 0). Let t = u - -2. Calculate the highest common factor of t and 3.
3
Let w(s) be the third derivative of -7*s**4/24 - 2*s**3/3 + 3*s**2. Let o be w(-4). Suppose -36 = 3*c - 6*c. Calculate the highest common divisor of c and o.
12
Let n(z) = 143*z - 2. Let w(a) = -2288*a + 33. Let v(k) = -33*n(k) - 2*w(k). Let p be v(-1). Calculate the highest common divisor of 13 and p.
13
Suppose -2*t = -27 - 163. What is the highest common factor of 19 and t?
19
Suppose -14 = -3*g + 1. Let k be (0 - 71)*-1 + 0. Let w = k + -26. What is the greatest common factor of w and g?
5
Suppose -24 = k - 33. Calculate the highest common factor of 36 and k.
9
Let o be 434 - (3 + -2 + 1). Suppose -5*u = -u - o. What is the greatest common factor of 12 and u?
12
Suppose 0*c - 2*c + 34 = 0. Suppose 153 = -3*p - 24. Let j = p - -144. What is the highest common factor of j and c?
17
Let c(l) = l**3 - l**2 + 2. Let a be c(0). Suppose 0 = a*i + 67 - 177. What is the highest common factor of 22 and i?
11
Let n(m) be the first derivative of -m**2/2 - m + 2. Suppose 2*t + j + 9 = 0, t = -3*j + 2 + 1. Let s be n(t). What is the highest common factor of s and 15?
5
Let s be 7/2 + (-6)/12. Suppose j = m - 57, 0 = -s*j - 0 - 3. Let u = -10 + 17. What is the highest common factor of m and u?
7
Let a(t) = t**2 + 17*t + 3. Let v(k) = -k**2 - 25*k - 4. Let g(h) = 7*a(h) + 5*v(h). Let c be g(4). Calculate the greatest common divisor of 18 and c.
9
Suppose 13 = -j + 4*p, 5*j + 103 = -0*j + p. Let d = j + 57. Calculate the highest common divisor of 18 and d.
18
Suppose -q - 2*p + 12 = -4*p, -4*p - 16 = -q. Calculate the greatest common factor of q and 16.
8
Let y be ((-1)/2)/(-2 + 247/124). Calculate the highest common factor of y and 31.
31
Let p = -4 - -193. Calculate the highest common divisor of 21 and p.
21
Suppose 4*k - 5*v = -k + 10, 0 = 3*v. What is the greatest common factor of k and 4?
2
Let d = -13 - -23. Suppose -3*p = -2*p - d. Suppose 5*o + p = 5*j, -j + 4*o - 1 = 3. Calculate the greatest common factor of j and 8.
4
Let x(y) = y**2 + 4*y + 1. Let j be x(-9). Calculate the greatest common factor of j and 23.
23
Let j(s) = -s**3 + 7*s**2 + 7*s - 4. Let n be j(9). Let f = n - -201. Let v be (18 - (-4)/(-4)) + -3. What is the highest common factor of v and f?
14
Suppose -3*t + 7*t - 56 = 0. What is the highest common divisor of t and 2?
2
Suppose 0 = -t - 5*h + 68, 0 = 5*h - 10. What is the highest common divisor of 145 and t?
29
Suppose 0 = 4*k - 0*t - 5*t - 86, -2*k + t = -46. Calculate the highest common factor of k and 120.
24
Suppose 0*b = -5*o + b + 20, -2*b = -2*o + 16. Suppose 0*d = o*d - 33. Calculate the highest common divisor of d and 55.
11
Let i(u) = -u**3 - 3*u**2 - 6*u + 5. Let w be i(-5). Calculate the greatest common factor of 17 and w.
17
Suppose 0 = 3*w - 6*w. Suppose w = -4*v + 3 + 13. Let t(g) = 28*g - 4. Let b be t(v). Calculate the greatest common divisor of 12 and b.
12
Suppose 0 = u + 4*t - 18 - 16, 0 = 3*u - 5*t - 85. What is the greatest common divisor of 12 and u?
6
Suppose -21 = 4*v - 117. Calculate the greatest common factor of 3 and v.
3
Let v = 7 + -5. Suppose -4*q = -v*t - 84, 3*t + 14 = 4*q - 66. Calculate the greatest common divisor of q and 253.
23
Suppose 0 = 5*s + 5*y - 55, -2*y + 0*y - 14 = -4*s. Calculate the highest common divisor of s and 4.
2
Let d(j) = 8*j**2 - 6*j + 5. Let p be d(5). What is the highest common divisor of p and 25?
25
Let y be -3 + (-3)/(-3) + 67. Calculate the highest common factor of 13 and y.
13
Let y(z) = -z**3 - 2*z**2 + 3*z - 3. Let f be y(-3). Let v be 2*6 + f/(-1). What is the highest common divisor of v and 75?
15
Let z(v) = -v + 3. Let q be z(0). Suppose 4*u - 38 = -4*x - 22, 4*x = -2*u + 20. What is the greatest common factor of q and x?
3
Let o be 6*4/12 + 26. What is the greatest common factor of o and 70?
14
Suppose 4*p = -0*p + 148. Suppose -59 = -4*o + p. Calculate the greatest common divisor of o and 48.
24
Suppose 2*n = -12 - 4. Let l = n - -13. Suppose -l*i + 5*m + 95 = 0, 5*i + 59 = 8*i - 5*m. What is the greatest common divisor of 45 and i?
9
Suppose -5*l + 14 + 16 = 0. What is the greatest common divisor of 48 and l?
6
Let r = -134 + 219. Suppose 5*d = -3*u + r, -d - 80 = -6*d - 2*u. What is the greatest common divisor of 70 and d?
14
Suppose i = -i + 44. Calculate the highest common factor of 2 and i.
2
Suppose -o + m = -4*o + 28, -3*o = 2*m - 29. What is the greatest common factor of o and 9?
9
Suppose -11*y - 120 = -16*y. Calculate the greatest common divisor of y and 72.
24
Suppose 96 = 4*r + f, -3*r - r - 2*f = -96. Let q be (-1)/3*1*-18. What is the highest common divisor of r and q?
6
Let n be (-4)/(-18) + (-79)/(-9). What is the greatest common factor of 90 and n?
9
Suppose 3*g - 8*y - 595 = -3*y, -3*g - 4*y + 577 = 0. What is the greatest common factor of 78 and g?
39
Suppose -86 + 9 = -r. Calculate the greatest common factor of r and 7.
7
Let y be (18/12)/((-2)/(-24)). Let n = 41 + -23. What is the greatest common divisor of n and y?
18
Let h(t) = -17*t. Let r be h(-16). Calculate the greatest common factor of 34 and r.
34
Suppose -t + 6*t - 360 = 0. What is the highest common factor of 24 and t?
24
Suppose -2*p + 3*w + 132 = -w, -2*p - 5*w = -159. What is the highest common divisor of p and 48?
24
Let c = 2 + 4. Let j = 32 - c. What is the highest common factor of 286 and j?
26
Let h(m) = -m + 3. Let p be h(3). Suppose p = 5*w + 5*b - 20, 3*b - 2*b + 2 = 0. What is the highest common divisor of 4 and w?
2
Let q(l) = -27*l. Let i be q(-1). Suppose -j - 3*j = -x + 29, 0 = 3*x + 3*j - 57. Let h = x + -18. Calculate the greatest common divisor of h and i.
3
Let a(q) = q**2 - 1. Let t = -5 + 10. Let n(i) = 3*i**2 - 9*i - 4. Let m(j) = t*a(j) - n(j). Let p be m(-8). Calculate the greatest common divisor of p and 22.
11
Let a(h) = -h**3 + h**2 - 3. Suppose 2*j = -0*j. Let n be a(j). Let r be (20/n)/((-2)/12). What is the highest common factor of r and 8?
8
Suppose -3*g = -11 - 19. Suppose 3*r - 46 = -4*u, 0*r - r = 2*u - 18. Calculate the highest common divisor of r and g.
10
Suppose -8 = -2*s + 6. Let a = s + -2. Let z = -50 + 90. Calculate the greatest common divisor of a and z.
5
Let a = -44 - -54. Let v(h) = h**2 + 4*h. Let i(m) = -m**3 - 8*m**2 - 6*m + 2. Let t be i(-7). Let f be v(t). Calculate the highest common divisor of f and a.
5
Suppose -5*g + 9 = 4*p - 21, -5*p - 2*g + 46 = 0. Suppose 0*w - p = -w. Calculate the highest common divisor of w and 20.
10
Suppose -3 = -f + 1, 8 = 2*w - 2*f. Calculate the highest common factor of w and 40